{"id":10,"date":"2025-12-10T18:42:05","date_gmt":"2025-12-10T17:42:05","guid":{"rendered":"https:\/\/lodz.oswiata-solidarnosc.pl\/?page_id=10"},"modified":"2025-12-10T20:10:57","modified_gmt":"2025-12-10T19:10:57","slug":"informacje","status":"publish","type":"page","link":"http:\/\/lodz.oswiata-solidarnosc.pl\/?page_id=10","title":{"rendered":"Informacje"},"content":{"rendered":"\n<p>W sobotnim finale konkursu &#8220;Piosenki Stanu Wojennego&#8221; obj\u0119tego specjalnym patronatem IPN wyst\u0105pi\u0105:<\/p>\n\n\n\n<p><a><\/a><img decoding=\"async\" height=\"16\" width=\"16\" alt=\"\ud83d\udc49\" src=\"https:\/\/static.xx.fbcdn.net\/images\/emoji.php\/v9\/t51\/1\/16\/1f449.png\"> Maria Szyma\u0144ska SP 190 \u0141\u00f3d\u017a<\/p>\n\n\n\n<p><img decoding=\"async\" height=\"16\" width=\"16\" alt=\"\ud83d\udc49\" src=\"https:\/\/static.xx.fbcdn.net\/images\/emoji.php\/v9\/t51\/1\/16\/1f449.png\"> Martyna Traczyk SP Brzoza<\/p>\n\n\n\n<p><img decoding=\"async\" height=\"16\" width=\"16\" alt=\"\ud83d\udc49\" src=\"https:\/\/static.xx.fbcdn.net\/images\/emoji.php\/v9\/t51\/1\/16\/1f449.png\"> Maja Skowron SP Przedb\u00f3rz<\/p>\n\n\n\n<p><img decoding=\"async\" height=\"16\" width=\"16\" alt=\"\ud83d\udc49\" src=\"https:\/\/static.xx.fbcdn.net\/images\/emoji.php\/v9\/t51\/1\/16\/1f449.png\"> Antonina Pietrzak CZP 2 \u0141\u00f3d\u017a<\/p>\n\n\n\n<p><img decoding=\"async\" height=\"16\" width=\"16\" alt=\"\ud83d\udc49\" src=\"https:\/\/static.xx.fbcdn.net\/images\/emoji.php\/v9\/t51\/1\/16\/1f449.png\"> Aleksandra \u0141\u0105giewka SP 3 Radomsko<\/p>\n\n\n\n<p><img decoding=\"async\" height=\"16\" width=\"16\" alt=\"\ud83d\udc49\" src=\"https:\/\/static.xx.fbcdn.net\/images\/emoji.php\/v9\/t51\/1\/16\/1f449.png\"> Gabriela Madejska SP w ZS Sadkowice<\/p>\n\n\n\n<p>*powy\u017cej kolejno\u015b\u0107 przypadkowa !<\/p>\n\n\n\n<figure class=\"wp-block-image size-full\"><img fetchpriority=\"high\" decoding=\"async\" width=\"1190\" height=\"169\" src=\"http:\/\/lodz.oswiata-solidarnosc.pl\/wp-content\/uploads\/2025\/12\/linia2.png\" alt=\"\" class=\"wp-image-102\" srcset=\"http:\/\/lodz.oswiata-solidarnosc.pl\/wp-content\/uploads\/2025\/12\/linia2.png 1190w, http:\/\/lodz.oswiata-solidarnosc.pl\/wp-content\/uploads\/2025\/12\/linia2-300x43.png 300w, http:\/\/lodz.oswiata-solidarnosc.pl\/wp-content\/uploads\/2025\/12\/linia2-1024x145.png 1024w, http:\/\/lodz.oswiata-solidarnosc.pl\/wp-content\/uploads\/2025\/12\/linia2-768x109.png 768w\" sizes=\"(max-width: 1190px) 100vw, 1190px\" \/><\/figure>\n\n\n\n<p>Regulamin konkursu<\/p>\n\n\n\n<p class=\"has-subtle-background-color has-text-color has-link-color wp-elements-ca344f74cf8e27370c0efe000d0084c5\"><\/p>\n\n\n\n<p><\/p>\n","protected":false},"excerpt":{"rendered":"<p>W sobotnim finale konkursu &#8220;Piosenki Stanu Wojennego&#8221; obj\u0119tego specjalnym patronatem IPN wyst\u0105pi\u0105: Maria Szyma\u0144ska SP 190 \u0141\u00f3d\u017a Martyna Traczyk SP Brzoza Maja Skowron SP Przedb\u00f3rz Antonina Pietrzak CZP 2 \u0141\u00f3d\u017a Aleksandra \u0141\u0105giewka SP 3 Radomsko Gabriela Madejska SP w ZS Sadkowice *powy\u017cej kolejno\u015b\u0107 przypadkowa ! Regulamin konkursu<\/p>\n","protected":false},"author":1,"featured_media":0,"parent":0,"menu_order":0,"comment_status":"closed","ping_status":"closed","template":"","meta":{"ngg_post_thumbnail":0,"footnotes":""},"class_list":["post-10","page","type-page","status-publish","hentry"],"_links":{"self":[{"href":"http:\/\/lodz.oswiata-solidarnosc.pl\/index.php?rest_route=\/wp\/v2\/pages\/10","targetHints":{"allow":["GET"]}}],"collection":[{"href":"http:\/\/lodz.oswiata-solidarnosc.pl\/index.php?rest_route=\/wp\/v2\/pages"}],"about":[{"href":"http:\/\/lodz.oswiata-solidarnosc.pl\/index.php?rest_route=\/wp\/v2\/types\/page"}],"author":[{"embeddable":true,"href":"http:\/\/lodz.oswiata-solidarnosc.pl\/index.php?rest_route=\/wp\/v2\/users\/1"}],"replies":[{"embeddable":true,"href":"http:\/\/lodz.oswiata-solidarnosc.pl\/index.php?rest_route=%2Fwp%2Fv2%2Fcomments&post=10"}],"version-history":[{"count":9,"href":"http:\/\/lodz.oswiata-solidarnosc.pl\/index.php?rest_route=\/wp\/v2\/pages\/10\/revisions"}],"predecessor-version":[{"id":103,"href":"http:\/\/lodz.oswiata-solidarnosc.pl\/index.php?rest_route=\/wp\/v2\/pages\/10\/revisions\/103"}],"wp:attachment":[{"href":"http:\/\/lodz.oswiata-solidarnosc.pl\/index.php?rest_route=%2Fwp%2Fv2%2Fmedia&parent=10"}],"curies":[{"name":"wp","href":"https:\/\/api.w.org\/{rel}","templated":true}]}}